{"id":452,"date":"2025-05-08T20:44:30","date_gmt":"2025-05-08T20:44:30","guid":{"rendered":"https:\/\/kolff.cl\/?post_type=product&#038;p=452"},"modified":"2026-04-23T12:11:01","modified_gmt":"2026-04-23T12:11:01","slug":"docceled","status":"publish","type":"product","link":"https:\/\/kolff.cl\/index.php\/producto\/docceled\/","title":{"rendered":"DOCCELED"},"content":{"rendered":"\t\t<div data-elementor-type=\"product-post\" data-elementor-id=\"452\" class=\"elementor elementor-452\" data-elementor-post-type=\"product\">\n\t\t\t\t<div class=\"elementor-element elementor-element-5435e8c1 e-flex e-con-boxed e-con e-parent\" data-id=\"5435e8c1\" data-element_type=\"container\">\n\t\t\t\t\t<div class=\"e-con-inner\">\n\t\t\t\t<div class=\"elementor-element elementor-element-252a0ad0 jltma-glass-effect-no elementor-widget elementor-widget-text-editor\" data-id=\"252a0ad0\" data-element_type=\"widget\" data-widget_type=\"text-editor.default\">\n\t\t\t\t<div class=\"elementor-widget-container\">\n\t\t\t\t\t\t\t\t\t<div class=\"feature-container\"><div class=\"feature\"><img decoding=\"async\" class=\"alignnone wp-image-27577\" src=\"https:\/\/asiqfacility.cl\/wp-content\/uploads\/2025\/03\/cuadrado-amarillo.svg\" alt=\"\" width=\"20\" height=\"20\" \/>\u00a0 Encendido autom\u00e1tico e instant\u00e1neo ante cortes de energ\u00eda el\u00e9ctrica.<\/div><div>\u00a0<\/div><div class=\"feature\"><img decoding=\"async\" class=\"alignnone wp-image-27577\" src=\"https:\/\/asiqfacility.cl\/wp-content\/uploads\/2025\/03\/cuadrado-amarillo.svg\" alt=\"\" width=\"20\" height=\"20\" \/>\u00a0 Autonom\u00eda de <strong>3 Hrs.<\/strong><\/div><div>\u00a0<\/div><div class=\"feature\"><img decoding=\"async\" class=\"alignnone wp-image-27577\" src=\"https:\/\/asiqfacility.cl\/wp-content\/uploads\/2025\/03\/cuadrado-amarillo.svg\" alt=\"\" width=\"20\" height=\"20\" \/>\u00a0 LED de alta eficiencia.<\/div><div>\u00a0<\/div><div class=\"feature\"><img decoding=\"async\" class=\"alignnone wp-image-27577\" src=\"https:\/\/asiqfacility.cl\/wp-content\/uploads\/2025\/03\/cuadrado-amarillo.svg\" alt=\"\" width=\"20\" height=\"20\" \/>\u00a0 Garant\u00eda <strong>KOLFF.<\/strong><\/div><\/div><p><!-- Fuente Montserrat --><\/p><p><style>\n  .feature {<br \/>    display: flex;<br \/>    align-items: center;<br \/>    gap: 15px;<br \/>    margin-bottom: 10px;<br \/>    width: 100%;<br \/>    font-size: 17px;<br \/>    font-family: 'Montserrat', sans-serif;<br \/>    line-height: 1.2;<br \/>  }<\/p>\n<p>  .feature-container {<br \/>    display: flex;<br \/>    flex-direction: column;<br \/>  }<\/p>\n<p>  .feature:last-child {<br \/>    margin-bottom: 0;<br \/>  }<br \/><\/style><\/p>\t\t\t\t\t\t\t\t<\/div>\n\t\t\t\t<\/div>\n\t\t\t\t\t<\/div>\n\t\t\t\t<\/div>\n\t\t<div class=\"elementor-element elementor-element-ad4af66 e-flex e-con-boxed e-con e-parent\" data-id=\"ad4af66\" data-element_type=\"container\">\n\t\t\t\t\t<div class=\"e-con-inner\">\n\t\t\t\t<div class=\"elementor-element elementor-element-c6d53e3 jltma-glass-effect-no elementor-widget elementor-widget-video\" data-id=\"c6d53e3\" data-element_type=\"widget\" data-settings=\"{&quot;video_type&quot;:&quot;hosted&quot;,&quot;loop&quot;:&quot;yes&quot;,&quot;controls&quot;:&quot;yes&quot;}\" data-widget_type=\"video.default\">\n\t\t\t\t<div class=\"elementor-widget-container\">\n\t\t\t\t\t\t\t<div class=\"e-hosted-video elementor-wrapper elementor-open-inline\">\n\t\t\t\t\t<video class=\"elementor-video\" src=\"https:\/\/kolff.cl\/wp-content\/uploads\/2025\/06\/DOCCELEDBLANCO0001-1000.mp4\" loop=\"\" controls=\"\" preload=\"metadata\" controlsList=\"nodownload\"><\/video>\n\t\t\t\t<\/div>\n\t\t\t\t\t\t<\/div>\n\t\t\t\t<\/div>\n\t\t\t\t\t<\/div>\n\t\t\t\t<\/div>\n\t\t\t\t<\/div>\n\t\t","protected":false},"excerpt":{"rendered":"<style><span data-mce-type=\"bookmark\" style=\"display: inline-block; width: 0px; overflow: hidden; line-height: 0;\" class=\"mce_SELRES_start\">\ufeff<\/span><span data-mce-type=\"bookmark\" style=\"display: inline-block; width: 0px; overflow: hidden; line-height: 0;\" class=\"mce_SELRES_start\">\ufeff<\/span><span data-mce-type=\"bookmark\" style=\"display: inline-block; width: 0px; overflow: hidden; line-height: 0;\" class=\"mce_SELRES_start\">\ufeff<\/span><span data-mce-type=\"bookmark\" style=\"display: inline-block; width: 0px; overflow: hidden; line-height: 0;\" class=\"mce_SELRES_start\">\ufeff<\/span><br \/>    .duoled {<br \/>        font-size: 48px;<br \/>        font-weight: 800; \/* Extra negrita *\/<br \/>        color: black; \/* Color negro *\/<br \/>    }<\/p>\n<p>    .emergency-text {<br \/>        font-size: 12px;<br \/>        line-height: 20px; \/* Altura de l\u00ednea *\/<br \/>        margin: 0;<br \/>    }<br \/><\/style>\n<p><strong>ILUMINACI\u00d3N DE EMERGENCIA EST\u00c1NDAR<\/strong><\/p>\n<p><strong>DOCCELED<\/strong><\/p>\n<p>Equipo de se\u00f1alizaci\u00f3n de emergencia permanente (se\u00f1alizaci\u00f3n, evacuaci\u00f3n y antip\u00e1nico).<br \/>\nDise\u00f1o estilizado para instalaci\u00f3n interior.<br \/>\nMontaje en muro, suspendido o lateral.<\/p>\n<p><a style=\"display: inline-block; padding: 12px 20px; background-color: #eeab00; color: #0a1724; text-decoration: none; border-radius: 5px; font-weight: bold; font-size: 16px;\" href=\"https:\/\/kolff.cl\/wp-content\/uploads\/2025\/06\/Ficha-Tecnica-DOCCELED-2025.pdf\" target=\"_blank\" rel=\"noopener\" download=\"\">\ud83d\udcc4 Descargar ficha t\u00e9cnica<br \/>\n<\/a><\/p>\n","protected":false},"featured_media":458,"comment_status":"open","ping_status":"closed","template":"","meta":{"content-type":""},"product_brand":[],"product_cat":[19],"product_tag":[],"class_list":{"0":"post-452","1":"product","2":"type-product","3":"status-publish","4":"has-post-thumbnail","6":"product_cat-iluminacion-de-emergencia","8":"first","9":"instock","10":"shipping-taxable","11":"product-type-simple"},"yoast_head":"<!-- This site is optimized with the Yoast SEO plugin v25.3.1 - https:\/\/yoast.com\/wordpress\/plugins\/seo\/ -->\n<title>DOCCELED - Kolff<\/title>\n<meta name=\"robots\" content=\"index, follow, max-snippet:-1, max-image-preview:large, max-video-preview:-1\" \/>\n<link rel=\"canonical\" href=\"https:\/\/kolff.cl\/index.php\/producto\/docceled\/\" \/>\n<meta property=\"og:locale\" content=\"es_ES\" \/>\n<meta property=\"og:type\" content=\"article\" \/>\n<meta property=\"og:title\" content=\"DOCCELED - Kolff\" \/>\n<meta property=\"og:description\" content=\"ILUMINACI\u00d3N DE EMERGENCIA EST\u00c1NDAR  DOCCELED  Equipo de se\u00f1alizaci\u00f3n de emergencia permanente (se\u00f1alizaci\u00f3n, evacuaci\u00f3n y antip\u00e1nico). Dise\u00f1o estilizado para instalaci\u00f3n interior. Montaje en muro, suspendido o lateral.  \ud83d\udcc4 Descargar ficha t\u00e9cnica\" \/>\n<meta property=\"og:url\" content=\"https:\/\/kolff.cl\/index.php\/producto\/docceled\/\" \/>\n<meta property=\"og:site_name\" content=\"Kolff\" \/>\n<meta property=\"article:modified_time\" content=\"2026-04-23T12:11:01+00:00\" \/>\n<meta property=\"og:image\" content=\"https:\/\/kolff.cl\/wp-content\/uploads\/2025\/05\/DOCCELED.webp\" \/>\n\t<meta property=\"og:image:width\" content=\"1000\" \/>\n\t<meta property=\"og:image:height\" content=\"1000\" \/>\n\t<meta property=\"og:image:type\" content=\"image\/webp\" \/>\n<meta name=\"twitter:card\" content=\"summary_large_image\" \/>\n<meta name=\"twitter:label1\" content=\"Tiempo de lectura\" \/>\n\t<meta name=\"twitter:data1\" content=\"2 minutos\" \/>\n<script type=\"application\/ld+json\" class=\"yoast-schema-graph\">{\"@context\":\"https:\/\/schema.org\",\"@graph\":[{\"@type\":\"WebPage\",\"@id\":\"https:\/\/kolff.cl\/index.php\/producto\/docceled\/\",\"url\":\"https:\/\/kolff.cl\/index.php\/producto\/docceled\/\",\"name\":\"DOCCELED - Kolff\",\"isPartOf\":{\"@id\":\"https:\/\/kolff.cl\/#website\"},\"primaryImageOfPage\":{\"@id\":\"https:\/\/kolff.cl\/index.php\/producto\/docceled\/#primaryimage\"},\"image\":{\"@id\":\"https:\/\/kolff.cl\/index.php\/producto\/docceled\/#primaryimage\"},\"thumbnailUrl\":\"https:\/\/kolff.cl\/wp-content\/uploads\/2025\/05\/DOCCELED.webp\",\"datePublished\":\"2025-05-08T20:44:30+00:00\",\"dateModified\":\"2026-04-23T12:11:01+00:00\",\"breadcrumb\":{\"@id\":\"https:\/\/kolff.cl\/index.php\/producto\/docceled\/#breadcrumb\"},\"inLanguage\":\"es\",\"potentialAction\":[{\"@type\":\"ReadAction\",\"target\":[\"https:\/\/kolff.cl\/index.php\/producto\/docceled\/\"]}]},{\"@type\":\"ImageObject\",\"inLanguage\":\"es\",\"@id\":\"https:\/\/kolff.cl\/index.php\/producto\/docceled\/#primaryimage\",\"url\":\"https:\/\/kolff.cl\/wp-content\/uploads\/2025\/05\/DOCCELED.webp\",\"contentUrl\":\"https:\/\/kolff.cl\/wp-content\/uploads\/2025\/05\/DOCCELED.webp\",\"width\":1000,\"height\":1000},{\"@type\":\"BreadcrumbList\",\"@id\":\"https:\/\/kolff.cl\/index.php\/producto\/docceled\/#breadcrumb\",\"itemListElement\":[{\"@type\":\"ListItem\",\"position\":1,\"name\":\"Portada\",\"item\":\"https:\/\/kolff.cl\/\"},{\"@type\":\"ListItem\",\"position\":2,\"name\":\"Tienda\",\"item\":\"https:\/\/kolff.cl\/index.php\/tienda\/\"},{\"@type\":\"ListItem\",\"position\":3,\"name\":\"DOCCELED\"}]},{\"@type\":\"WebSite\",\"@id\":\"https:\/\/kolff.cl\/#website\",\"url\":\"https:\/\/kolff.cl\/\",\"name\":\"Kolff\",\"description\":\"\",\"potentialAction\":[{\"@type\":\"SearchAction\",\"target\":{\"@type\":\"EntryPoint\",\"urlTemplate\":\"https:\/\/kolff.cl\/?s={search_term_string}\"},\"query-input\":{\"@type\":\"PropertyValueSpecification\",\"valueRequired\":true,\"valueName\":\"search_term_string\"}}],\"inLanguage\":\"es\"}]}<\/script>\n<!-- \/ Yoast SEO plugin. -->","yoast_head_json":{"title":"DOCCELED - Kolff","robots":{"index":"index","follow":"follow","max-snippet":"max-snippet:-1","max-image-preview":"max-image-preview:large","max-video-preview":"max-video-preview:-1"},"canonical":"https:\/\/kolff.cl\/index.php\/producto\/docceled\/","og_locale":"es_ES","og_type":"article","og_title":"DOCCELED - Kolff","og_description":"ILUMINACI\u00d3N DE EMERGENCIA EST\u00c1NDAR  DOCCELED  Equipo de se\u00f1alizaci\u00f3n de emergencia permanente (se\u00f1alizaci\u00f3n, evacuaci\u00f3n y antip\u00e1nico). Dise\u00f1o estilizado para instalaci\u00f3n interior. Montaje en muro, suspendido o lateral.  \ud83d\udcc4 Descargar ficha t\u00e9cnica","og_url":"https:\/\/kolff.cl\/index.php\/producto\/docceled\/","og_site_name":"Kolff","article_modified_time":"2026-04-23T12:11:01+00:00","og_image":[{"width":1000,"height":1000,"url":"https:\/\/kolff.cl\/wp-content\/uploads\/2025\/05\/DOCCELED.webp","type":"image\/webp"}],"twitter_card":"summary_large_image","twitter_misc":{"Tiempo de lectura":"2 minutos"},"schema":{"@context":"https:\/\/schema.org","@graph":[{"@type":"WebPage","@id":"https:\/\/kolff.cl\/index.php\/producto\/docceled\/","url":"https:\/\/kolff.cl\/index.php\/producto\/docceled\/","name":"DOCCELED - Kolff","isPartOf":{"@id":"https:\/\/kolff.cl\/#website"},"primaryImageOfPage":{"@id":"https:\/\/kolff.cl\/index.php\/producto\/docceled\/#primaryimage"},"image":{"@id":"https:\/\/kolff.cl\/index.php\/producto\/docceled\/#primaryimage"},"thumbnailUrl":"https:\/\/kolff.cl\/wp-content\/uploads\/2025\/05\/DOCCELED.webp","datePublished":"2025-05-08T20:44:30+00:00","dateModified":"2026-04-23T12:11:01+00:00","breadcrumb":{"@id":"https:\/\/kolff.cl\/index.php\/producto\/docceled\/#breadcrumb"},"inLanguage":"es","potentialAction":[{"@type":"ReadAction","target":["https:\/\/kolff.cl\/index.php\/producto\/docceled\/"]}]},{"@type":"ImageObject","inLanguage":"es","@id":"https:\/\/kolff.cl\/index.php\/producto\/docceled\/#primaryimage","url":"https:\/\/kolff.cl\/wp-content\/uploads\/2025\/05\/DOCCELED.webp","contentUrl":"https:\/\/kolff.cl\/wp-content\/uploads\/2025\/05\/DOCCELED.webp","width":1000,"height":1000},{"@type":"BreadcrumbList","@id":"https:\/\/kolff.cl\/index.php\/producto\/docceled\/#breadcrumb","itemListElement":[{"@type":"ListItem","position":1,"name":"Portada","item":"https:\/\/kolff.cl\/"},{"@type":"ListItem","position":2,"name":"Tienda","item":"https:\/\/kolff.cl\/index.php\/tienda\/"},{"@type":"ListItem","position":3,"name":"DOCCELED"}]},{"@type":"WebSite","@id":"https:\/\/kolff.cl\/#website","url":"https:\/\/kolff.cl\/","name":"Kolff","description":"","potentialAction":[{"@type":"SearchAction","target":{"@type":"EntryPoint","urlTemplate":"https:\/\/kolff.cl\/?s={search_term_string}"},"query-input":{"@type":"PropertyValueSpecification","valueRequired":true,"valueName":"search_term_string"}}],"inLanguage":"es"}]}},"_links":{"self":[{"href":"https:\/\/kolff.cl\/index.php\/wp-json\/wp\/v2\/product\/452","targetHints":{"allow":["GET"]}}],"collection":[{"href":"https:\/\/kolff.cl\/index.php\/wp-json\/wp\/v2\/product"}],"about":[{"href":"https:\/\/kolff.cl\/index.php\/wp-json\/wp\/v2\/types\/product"}],"replies":[{"embeddable":true,"href":"https:\/\/kolff.cl\/index.php\/wp-json\/wp\/v2\/comments?post=452"}],"version-history":[{"count":19,"href":"https:\/\/kolff.cl\/index.php\/wp-json\/wp\/v2\/product\/452\/revisions"}],"predecessor-version":[{"id":3360,"href":"https:\/\/kolff.cl\/index.php\/wp-json\/wp\/v2\/product\/452\/revisions\/3360"}],"wp:featuredmedia":[{"embeddable":true,"href":"https:\/\/kolff.cl\/index.php\/wp-json\/wp\/v2\/media\/458"}],"wp:attachment":[{"href":"https:\/\/kolff.cl\/index.php\/wp-json\/wp\/v2\/media?parent=452"}],"wp:term":[{"taxonomy":"product_brand","embeddable":true,"href":"https:\/\/kolff.cl\/index.php\/wp-json\/wp\/v2\/product_brand?post=452"},{"taxonomy":"product_cat","embeddable":true,"href":"https:\/\/kolff.cl\/index.php\/wp-json\/wp\/v2\/product_cat?post=452"},{"taxonomy":"product_tag","embeddable":true,"href":"https:\/\/kolff.cl\/index.php\/wp-json\/wp\/v2\/product_tag?post=452"}],"curies":[{"name":"wp","href":"https:\/\/api.w.org\/{rel}","templated":true}]}}

<div data-elementor-type="product-post" data-elementor-id="452" class="elementor elementor-452" data-elementor-post-type="product">
				<div class="elementor-element elementor-element-5435e8c1 e-flex e-con-boxed e-con e-parent" data-id="5435e8c1" data-element_type="container">
					<div class="e-con-inner">
				<div class="elementor-element elementor-element-252a0ad0 jltma-glass-effect-no elementor-widget elementor-widget-text-editor" data-id="252a0ad0" data-element_type="widget" data-widget_type="text-editor.default">
				<div class="elementor-widget-container">
									<div class="feature-container"><div class="feature"><img decoding="async" class="alignnone wp-image-27577" src="https://asiqfacility.cl/wp-content/uploads/2025/03/cuadrado-amarillo.svg" alt="" width="20" height="20" />  Encendido automático e instantáneo ante cortes de energía eléctrica.</div><div> </div><div class="feature"><img decoding="async" class="alignnone wp-image-27577" src="https://asiqfacility.cl/wp-content/uploads/2025/03/cuadrado-amarillo.svg" alt="" width="20" height="20" />  Autonomía de <strong>3 Hrs.</strong></div><div> </div><div class="feature"><img decoding="async" class="alignnone wp-image-27577" src="https://asiqfacility.cl/wp-content/uploads/2025/03/cuadrado-amarillo.svg" alt="" width="20" height="20" />  LED de alta eficiencia.</div><div> </div><div class="feature"><img decoding="async" class="alignnone wp-image-27577" src="https://asiqfacility.cl/wp-content/uploads/2025/03/cuadrado-amarillo.svg" alt="" width="20" height="20" />  Garantía <strong>KOLFF.</strong></div></div><p><!-- Fuente Montserrat --></p><p><style>
  .feature {<br />    display: flex;<br />    align-items: center;<br />    gap: 15px;<br />    margin-bottom: 10px;<br />    width: 100%;<br />    font-size: 17px;<br />    font-family: 'Montserrat', sans-serif;<br />    line-height: 1.2;<br />  }</p>
<p>  .feature-container {<br />    display: flex;<br />    flex-direction: column;<br />  }</p>
<p>  .feature:last-child {<br />    margin-bottom: 0;<br />  }<br /></style></p>								</div>
				</div>
					</div>
				</div>
		<div class="elementor-element elementor-element-ad4af66 e-flex e-con-boxed e-con e-parent" data-id="ad4af66" data-element_type="container">
					<div class="e-con-inner">
				<div class="elementor-element elementor-element-c6d53e3 jltma-glass-effect-no elementor-widget elementor-widget-video" data-id="c6d53e3" data-element_type="widget" data-settings="{&quot;video_type&quot;:&quot;hosted&quot;,&quot;loop&quot;:&quot;yes&quot;,&quot;controls&quot;:&quot;yes&quot;}" data-widget_type="video.default">
				<div class="elementor-widget-container">
							<div class="e-hosted-video elementor-wrapper elementor-open-inline">
					<video class="elementor-video" src="https://kolff.cl/wp-content/uploads/2025/06/DOCCELEDBLANCO0001-1000.mp4" loop="" controls="" preload="metadata" controlsList="nodownload"></video>
				</div>
						</div>
				</div>
					</div>
				</div>
				</div>

<style><span data-mce-type="bookmark" style="display: inline-block; width: 0px; overflow: hidden; line-height: 0;" class="mce_SELRES_start">﻿</span><span data-mce-type="bookmark" style="display: inline-block; width: 0px; overflow: hidden; line-height: 0;" class="mce_SELRES_start">﻿</span><span data-mce-type="bookmark" style="display: inline-block; width: 0px; overflow: hidden; line-height: 0;" class="mce_SELRES_start">﻿</span><span data-mce-type="bookmark" style="display: inline-block; width: 0px; overflow: hidden; line-height: 0;" class="mce_SELRES_start">﻿</span><br />    .duoled {<br />        font-size: 48px;<br />        font-weight: 800; /* Extra negrita */<br />        color: black; /* Color negro */<br />    }</p>
<p>    .emergency-text {<br />        font-size: 12px;<br />        line-height: 20px; /* Altura de línea */<br />        margin: 0;<br />    }<br /></style>
<p><strong>ILUMINACIÓN DE EMERGENCIA ESTÁNDAR</strong></p>
<p><strong>DOCCELED</strong></p>
<p>Equipo de señalización de emergencia permanente (señalización, evacuación y antipánico).<br />
Diseño estilizado para instalación interior.<br />
Montaje en muro, suspendido o lateral.</p>
<p><a style="display: inline-block; padding: 12px 20px; background-color: #eeab00; color: #0a1724; text-decoration: none; border-radius: 5px; font-weight: bold; font-size: 16px;" href="https://kolff.cl/wp-content/uploads/2025/06/Ficha-Tecnica-DOCCELED-2025.pdf" target="_blank" rel="noopener" download="">📄 Descargar ficha técnica<br />
</a></p>

<!-- This site is optimized with the Yoast SEO plugin v25.3.1 - https://yoast.com/wordpress/plugins/seo/ -->
<title>DOCCELED - Kolff</title>
<meta name="robots" content="index, follow, max-snippet:-1, max-image-preview:large, max-video-preview:-1" />
<link rel="canonical" href="https://kolff.cl/index.php/producto/docceled/" />
<meta property="og:locale" content="es_ES" />
<meta property="og:type" content="article" />
<meta property="og:title" content="DOCCELED - Kolff" />
<meta property="og:description" content="ILUMINACIÓN DE EMERGENCIA ESTÁNDAR  DOCCELED  Equipo de señalización de emergencia permanente (señalización, evacuación y antipánico). Diseño estilizado para instalación interior. Montaje en muro, suspendido o lateral.  📄 Descargar ficha técnica" />
<meta property="og:url" content="https://kolff.cl/index.php/producto/docceled/" />
<meta property="og:site_name" content="Kolff" />
<meta property="article:modified_time" content="2026-04-23T12:11:01+00:00" />
<meta property="og:image" content="https://kolff.cl/wp-content/uploads/2025/05/DOCCELED.webp" />
	<meta property="og:image:width" content="1000" />
	<meta property="og:image:height" content="1000" />
	<meta property="og:image:type" content="image/webp" />
<meta name="twitter:card" content="summary_large_image" />
<meta name="twitter:label1" content="Tiempo de lectura" />
	<meta name="twitter:data1" content="2 minutos" />
<script type="application/ld+json" class="yoast-schema-graph">{"@context":"https://schema.org","@graph":[{"@type":"WebPage","@id":"https://kolff.cl/index.php/producto/docceled/","url":"https://kolff.cl/index.php/producto/docceled/","name":"DOCCELED - Kolff","isPartOf":{"@id":"https://kolff.cl/#website"},"primaryImageOfPage":{"@id":"https://kolff.cl/index.php/producto/docceled/#primaryimage"},"image":{"@id":"https://kolff.cl/index.php/producto/docceled/#primaryimage"},"thumbnailUrl":"https://kolff.cl/wp-content/uploads/2025/05/DOCCELED.webp","datePublished":"2025-05-08T20:44:30+00:00","dateModified":"2026-04-23T12:11:01+00:00","breadcrumb":{"@id":"https://kolff.cl/index.php/producto/docceled/#breadcrumb"},"inLanguage":"es","potentialAction":[{"@type":"ReadAction","target":["https://kolff.cl/index.php/producto/docceled/"]}]},{"@type":"ImageObject","inLanguage":"es","@id":"https://kolff.cl/index.php/producto/docceled/#primaryimage","url":"https://kolff.cl/wp-content/uploads/2025/05/DOCCELED.webp","contentUrl":"https://kolff.cl/wp-content/uploads/2025/05/DOCCELED.webp","width":1000,"height":1000},{"@type":"BreadcrumbList","@id":"https://kolff.cl/index.php/producto/docceled/#breadcrumb","itemListElement":[{"@type":"ListItem","position":1,"name":"Portada","item":"https://kolff.cl/"},{"@type":"ListItem","position":2,"name":"Tienda","item":"https://kolff.cl/index.php/tienda/"},{"@type":"ListItem","position":3,"name":"DOCCELED"}]},{"@type":"WebSite","@id":"https://kolff.cl/#website","url":"https://kolff.cl/","name":"Kolff","description":"","potentialAction":[{"@type":"SearchAction","target":{"@type":"EntryPoint","urlTemplate":"https://kolff.cl/?s={search_term_string}"},"query-input":{"@type":"PropertyValueSpecification","valueRequired":true,"valueName":"search_term_string"}}],"inLanguage":"es"}]}</script>
<!-- / Yoast SEO plugin. -->

ILUMINACIÓN DE EMERGENCIA ESTÁNDAR  DOCCELED  Equipo de señalización de emergencia permanente (señalización, evacuación y antipánico). Diseño estilizado para instalación interior. Montaje en muro, suspendido o lateral.  📄 Descargar ficha técnica
